{"id":501,"date":"2017-11-11T14:46:57","date_gmt":"2017-11-11T13:46:57","guid":{"rendered":"http:\/\/bethesdakirche-leipzig.de\/wordpress1\/?page_id=501"},"modified":"2025-01-05T19:23:16","modified_gmt":"2025-01-05T18:23:16","slug":"regelmaessige-termine","status":"publish","type":"page","link":"https:\/\/bethesdakirche-leipzig.de\/wordpress1\/regelmaessige-termine\/","title":{"rendered":"Regelm\u00e4\u00dfige Termine"},"content":{"rendered":"<h3><\/h3>\n<h3><img loading=\"lazy\" class=\"wp-image-444 alignnone\" src=\"http:\/\/bethesdakirche-leipzig.de\/wordpress1\/wp-content\/uploads\/2017\/11\/IMG_0366-Steffen-Landrock-2013-Garten-II-300x86.jpg\" alt=\"\" width=\"747\" height=\"214\" srcset=\"https:\/\/bethesdakirche-leipzig.de\/wordpress1\/wp-content\/uploads\/2017\/11\/IMG_0366-Steffen-Landrock-2013-Garten-II-300x86.jpg 300w, https:\/\/bethesdakirche-leipzig.de\/wordpress1\/wp-content\/uploads\/2017\/11\/IMG_0366-Steffen-Landrock-2013-Garten-II-768x220.jpg 768w, https:\/\/bethesdakirche-leipzig.de\/wordpress1\/wp-content\/uploads\/2017\/11\/IMG_0366-Steffen-Landrock-2013-Garten-II-1024x293.jpg 1024w\" sizes=\"(max-width: 747px) 100vw, 747px\" \/><\/h3>\n<h1 style=\"text-align: left;\">Regelm\u00e4\u00dfige Termine<\/h1>\n<h3>sonntags<\/h3>\n<p>10:00 Uhr\u00a0<a href=\"http:\/\/bethesdakirche-leipzig.de\/wordpress1\/gottesdienst\/\"><strong>Gottesdienst<\/strong><\/a> (w\u00f6chentlich)<br \/>\n10:00 Uhr\u00a0<a href=\"http:\/\/bethesdakirche-leipzig.de\/wordpress1\/kigo-teenies\/\"><strong>Kindergottesdienst<\/strong><\/a>\u00a0(w\u00f6chentlich)<\/p>\n<h3>montags<\/h3>\n<p>19:30 Uhr <a href=\"http:\/\/bethesdakirche-leipzig.de\/wordpress1\/hauskreis-84\/\"><strong>Hauskreis \u00b484<\/strong><\/a> (zweiw\u00f6chentlich)<\/p>\n<h3>dienstags<\/h3>\n<p>16:00 Uhr <a href=\"http:\/\/bethesdakirche-leipzig.de\/wordpress1\/nordcafe\/\"><strong>Nordcaf\u00e9<\/strong> <\/a>(w\u00f6chentlich)<\/p>\n<h3>donnerstags<\/h3>\n<p>14:00 Uhr <a href=\"http:\/\/bethesdakirche-leipzig.de\/wordpress1\/seniorenkreis\/\"><strong>Seniorenkreis<\/strong> <\/a>(am 2. Donnerstag eines jeden Monats)<br \/>\n19:30 Uhr <a href=\"http:\/\/bethesdakirche-leipzig.de\/wordpress1\/hauskreis-bornschein\/\"><strong>Hauskreis Bornschein<\/strong><\/a> (monatlich)<\/p>\n<h3>freitags<\/h3>\n<p>18:30 Uhr <a href=\"http:\/\/bethesdakirche-leipzig.de\/wordpress1\/jugendtreff\/\"><strong>Jugendtreff\u00a0<\/strong><\/a>(ca. alle 3 Wochen)<\/p>\n<h3>samstags<\/h3>\n<p>13:00 Uhr <a href=\"http:\/\/bethesdakirche-leipzig.de\/wordpress1\/ku\/\"><strong>Kirchlicher Unterricht<\/strong><\/a> (monatlich)<\/p>\n<h3>monatlich<\/h3>\n<p>nach Absprache 1x monatlich <strong><a href=\"https:\/\/bethesdakirche-leipzig.de\/wordpress1\/?page_id=3006&amp;preview=true\">Twens Kreis<\/a><\/strong><\/p>\n","protected":false},"excerpt":{"rendered":"<p>Regelm\u00e4\u00dfige Termine sonntags 10:00 Uhr\u00a0Gottesdienst (w\u00f6chentlich) 10:00 Uhr\u00a0Kindergottesdienst\u00a0(w\u00f6chentlich) montags 19:30 Uhr Hauskreis \u00b484 (zweiw\u00f6chentlich) dienstags 16:00 Uhr Nordcaf\u00e9 (w\u00f6chentlich) donnerstags 14:00 Uhr Seniorenkreis (am 2. Donnerstag eines jeden Monats) 19:30 Uhr Hauskreis Bornschein (monatlich) freitags 18:30 Uhr Jugendtreff\u00a0(ca. alle 3 Wochen) samstags 13:00 Uhr Kirchlicher Unterricht (monatlich) monatlich nach Absprache 1x monatlich Twens Kreis<\/p>\n","protected":false},"author":2,"featured_media":0,"parent":0,"menu_order":0,"comment_status":"closed","ping_status":"closed","template":"","meta":{"_genesis_hide_title":false,"_genesis_hide_breadcrumbs":false,"_genesis_hide_singular_image":false,"_genesis_hide_footer_widgets":false,"_genesis_custom_body_class":"","_genesis_custom_post_class":"","_genesis_layout":""},"_links":{"self":[{"href":"https:\/\/bethesdakirche-leipzig.de\/wordpress1\/wp-json\/wp\/v2\/pages\/501"}],"collection":[{"href":"https:\/\/bethesdakirche-leipzig.de\/wordpress1\/wp-json\/wp\/v2\/pages"}],"about":[{"href":"https:\/\/bethesdakirche-leipzig.de\/wordpress1\/wp-json\/wp\/v2\/types\/page"}],"author":[{"embeddable":true,"href":"https:\/\/bethesdakirche-leipzig.de\/wordpress1\/wp-json\/wp\/v2\/users\/2"}],"replies":[{"embeddable":true,"href":"https:\/\/bethesdakirche-leipzig.de\/wordpress1\/wp-json\/wp\/v2\/comments?post=501"}],"version-history":[{"count":27,"href":"https:\/\/bethesdakirche-leipzig.de\/wordpress1\/wp-json\/wp\/v2\/pages\/501\/revisions"}],"predecessor-version":[{"id":3442,"href":"https:\/\/bethesdakirche-leipzig.de\/wordpress1\/wp-json\/wp\/v2\/pages\/501\/revisions\/3442"}],"wp:attachment":[{"href":"https:\/\/bethesdakirche-leipzig.de\/wordpress1\/wp-json\/wp\/v2\/media?parent=501"}],"curies":[{"name":"wp","href":"https:\/\/api.w.org\/{rel}","templated":true}]}}