{"id":42,"date":"2017-06-08T21:03:23","date_gmt":"2017-06-08T19:03:23","guid":{"rendered":"http:\/\/bethesdakirche-leipzig.de\/wordpress1\/?page_id=42"},"modified":"2017-11-21T13:32:38","modified_gmt":"2017-11-21T12:32:38","slug":"termine","status":"publish","type":"page","link":"https:\/\/bethesdakirche-leipzig.de\/wordpress1\/termine\/","title":{"rendered":"Termine"},"content":{"rendered":"<h3><a href=\"http:\/\/bethesdakirche-leipzig.de\/wordpress1\/kalender\/\"><img loading=\"lazy\" class=\"wp-image-821 alignleft\" src=\"http:\/\/bethesdakirche-leipzig.de\/wordpress1\/wp-content\/uploads\/2017\/11\/Kalender-wei\u00df-2-300x199.jpg\" alt=\"\" width=\"238\" height=\"158\" srcset=\"https:\/\/bethesdakirche-leipzig.de\/wordpress1\/wp-content\/uploads\/2017\/11\/Kalender-wei\u00df-2-300x199.jpg 300w, https:\/\/bethesdakirche-leipzig.de\/wordpress1\/wp-content\/uploads\/2017\/11\/Kalender-wei\u00df-2-768x511.jpg 768w, https:\/\/bethesdakirche-leipzig.de\/wordpress1\/wp-content\/uploads\/2017\/11\/Kalender-wei\u00df-2-1024x681.jpg 1024w, https:\/\/bethesdakirche-leipzig.de\/wordpress1\/wp-content\/uploads\/2017\/11\/Kalender-wei\u00df-2.jpg 1199w\" sizes=\"(max-width: 238px) 100vw, 238px\" \/><\/a><\/h3>\n<h3 style=\"text-align: left;\">In unserem <a href=\"http:\/\/bethesdakirche-leipzig.de\/wordpress1\/kalender\/\"><strong>Kalender<\/strong><\/a><br \/>\nsind alle laufenden Termine<br \/>\nzu finden.<\/h3>\n<p><a href=\"http:\/\/bethesdakirche-leipzig.de\/wordpress1\/regelmaessige-termine\/\"><img loading=\"lazy\" class=\"wp-image-820 alignleft\" src=\"http:\/\/bethesdakirche-leipzig.de\/wordpress1\/wp-content\/uploads\/2017\/11\/Regeltermine-wei\u00df-3-236x300.jpg\" alt=\"\" width=\"175\" height=\"222\" srcset=\"https:\/\/bethesdakirche-leipzig.de\/wordpress1\/wp-content\/uploads\/2017\/11\/Regeltermine-wei\u00df-3-236x300.jpg 236w, https:\/\/bethesdakirche-leipzig.de\/wordpress1\/wp-content\/uploads\/2017\/11\/Regeltermine-wei\u00df-3.jpg 628w\" sizes=\"(max-width: 175px) 100vw, 175px\" \/><\/a><\/p>\n<p>&nbsp;<\/p>\n<h3 style=\"text-align: left;\">Hier erh\u00e4lt man einen<br \/>\n\u00dcberblick \u00fcber alle<br \/>\n<a href=\"http:\/\/bethesdakirche-leipzig.de\/wordpress1\/regelmaessige-termine\/\"><strong>regelm\u00e4\u00dfig stattfindenden Termine<\/strong><\/a>.<\/h3>\n<p>&nbsp;<\/p>\n<p><a href=\"http:\/\/bethesdakirche-leipzig.de\/wordpress1\/save-the-date\/\"><img loading=\"lazy\" class=\"wp-image-835 alignleft\" src=\"http:\/\/bethesdakirche-leipzig.de\/wordpress1\/wp-content\/uploads\/2017\/11\/savethedate-2-300x186.jpg\" alt=\"\" width=\"231\" height=\"143\" srcset=\"https:\/\/bethesdakirche-leipzig.de\/wordpress1\/wp-content\/uploads\/2017\/11\/savethedate-2-300x186.jpg 300w, https:\/\/bethesdakirche-leipzig.de\/wordpress1\/wp-content\/uploads\/2017\/11\/savethedate-2-768x475.jpg 768w, https:\/\/bethesdakirche-leipzig.de\/wordpress1\/wp-content\/uploads\/2017\/11\/savethedate-2-1024x634.jpg 1024w, https:\/\/bethesdakirche-leipzig.de\/wordpress1\/wp-content\/uploads\/2017\/11\/savethedate-2.jpg 1286w\" sizes=\"(max-width: 231px) 100vw, 231px\" \/><\/a><\/p>\n<h3><a href=\"http:\/\/bethesdakirche-leipzig.de\/wordpress1\/save-the-date\/\"><strong>&#8216;Save the date&#8217;<\/strong><\/a> &#8211; wichtige Termine<br \/>\nschon mal zum Vormerken!<\/h3>\n","protected":false},"excerpt":{"rendered":"<p>In unserem Kalender sind alle laufenden Termine zu finden. &nbsp; Hier erh\u00e4lt man einen \u00dcberblick \u00fcber alle regelm\u00e4\u00dfig stattfindenden Termine. &nbsp; &#8216;Save the date&#8217; &#8211; wichtige Termine schon mal zum Vormerken!<\/p>\n","protected":false},"author":2,"featured_media":0,"parent":0,"menu_order":0,"comment_status":"closed","ping_status":"closed","template":"","meta":{"_genesis_hide_title":false,"_genesis_hide_breadcrumbs":false,"_genesis_hide_singular_image":false,"_genesis_hide_footer_widgets":false,"_genesis_custom_body_class":"","_genesis_custom_post_class":"","_genesis_layout":""},"_links":{"self":[{"href":"https:\/\/bethesdakirche-leipzig.de\/wordpress1\/wp-json\/wp\/v2\/pages\/42"}],"collection":[{"href":"https:\/\/bethesdakirche-leipzig.de\/wordpress1\/wp-json\/wp\/v2\/pages"}],"about":[{"href":"https:\/\/bethesdakirche-leipzig.de\/wordpress1\/wp-json\/wp\/v2\/types\/page"}],"author":[{"embeddable":true,"href":"https:\/\/bethesdakirche-leipzig.de\/wordpress1\/wp-json\/wp\/v2\/users\/2"}],"replies":[{"embeddable":true,"href":"https:\/\/bethesdakirche-leipzig.de\/wordpress1\/wp-json\/wp\/v2\/comments?post=42"}],"version-history":[{"count":78,"href":"https:\/\/bethesdakirche-leipzig.de\/wordpress1\/wp-json\/wp\/v2\/pages\/42\/revisions"}],"predecessor-version":[{"id":839,"href":"https:\/\/bethesdakirche-leipzig.de\/wordpress1\/wp-json\/wp\/v2\/pages\/42\/revisions\/839"}],"wp:attachment":[{"href":"https:\/\/bethesdakirche-leipzig.de\/wordpress1\/wp-json\/wp\/v2\/media?parent=42"}],"curies":[{"name":"wp","href":"https:\/\/api.w.org\/{rel}","templated":true}]}}