{"id":148,"date":"2017-09-14T17:01:40","date_gmt":"2017-09-14T15:01:40","guid":{"rendered":"http:\/\/bethesdakirche-leipzig.de\/wordpress1\/?page_id=148"},"modified":"2025-04-21T22:04:14","modified_gmt":"2025-04-21T20:04:14","slug":"gottesdienst","status":"publish","type":"page","link":"https:\/\/bethesdakirche-leipzig.de\/wordpress1\/gottesdienst\/","title":{"rendered":"Gottesdienst"},"content":{"rendered":"<h3>Herzliche Einladung zum Gottesdienst sonntags 10:00 Uhr<\/h3>\n<figure id=\"attachment_2188\" aria-describedby=\"caption-attachment-2188\" style=\"width: 184px\" class=\"wp-caption alignleft\"><img loading=\"lazy\" class=\" wp-image-2188\" src=\"http:\/\/bethesdakirche-leipzig.de\/wordpress1\/wp-content\/uploads\/2020\/05\/20200517_110320-300x225.jpg\" alt=\"\" width=\"184\" height=\"138\" srcset=\"https:\/\/bethesdakirche-leipzig.de\/wordpress1\/wp-content\/uploads\/2020\/05\/20200517_110320-300x225.jpg 300w, https:\/\/bethesdakirche-leipzig.de\/wordpress1\/wp-content\/uploads\/2020\/05\/20200517_110320-768x576.jpg 768w, https:\/\/bethesdakirche-leipzig.de\/wordpress1\/wp-content\/uploads\/2020\/05\/20200517_110320-1024x768.jpg 1024w\" sizes=\"(max-width: 184px) 100vw, 184px\" \/><figcaption id=\"caption-attachment-2188\" class=\"wp-caption-text\">Blumen schm\u00fccken den Altar<\/figcaption><\/figure>\n<h5>Der Gottesdienst ist Zentrum unseres Gemeindelebens.<br \/>\nHier begegnen sich alle Generationen, um Gottes Gegenwart zu feiern.<br \/>\nDiese Zeit ist gepr\u00e4gt vom H\u00f6ren und sich ansprechen lassen vom biblischen Wort durch Zuspruch, Trost oder Anst\u00f6\u00dfen zum Weiterdenken und Handeln im Alltag und vom Erleben, dass Zusammensein in christlicher Gemeinschaft guttut.<br \/>\nUnterschiedlich gestaltet folgt die Gottesdienstfeier vier Schwerpunkten:<\/h5>\n<h5 style=\"padding-left: 200px;\">&#8211; ankommen \u2013 Gott bringt uns zusammen<br \/>\n&#8211; h\u00f6ren \u2013 Gott spricht zu uns<br \/>\n&#8211; teilen \u2013 Gott verbindet uns miteinander<br \/>\n&#8211; weitergehen \u2013 Gott segnet uns<\/h5>\n<h5><img loading=\"lazy\" class=\"alignleft wp-image-337 size-medium\" src=\"http:\/\/bethesdakirche-leipzig.de\/wordpress1\/wp-content\/uploads\/2017\/11\/FliesenRot-300x287.jpg\" alt=\"\" width=\"300\" height=\"287\" \/><\/h5>\n<h5>Jeden Sonntag sind neben der Pastorin\/dem Pastor mehrere Leute aktiv an der Gestaltung beteiligt: Musikerinnen und Musiker, Lektorinnen und Lektoren, in der Weitergabe von Informationen und Gr\u00fc\u00dfen. Auch Laienpredigerinnen und -prediger und Predigerhelferinnen und -helfer \u00fcbernehmen regelm\u00e4\u00dfige Verk\u00fcndigungsdienste.<\/h5>\n<h5>Nach dem Beginn werden die Kinder ab drei Jahren zum <a href=\"http:\/\/bethesdakirche-leipzig.de\/wordpress1\/kigo-teenies\/\">Kindergottesdienst<\/a>\u00a0verabschiedet.<br \/>\nAlle Kinder U3 k\u00f6nnen mit einem Elternteil den Gottesdienst im Untergeschoss unseres Gemeindehauses per Audio\u00fcbertragung mith\u00f6ren. Hier stehen Spielsachen f\u00fcr die Kleinsten zur Verf\u00fcgung.<\/h5>\n<h5>Das Heilige <a href=\"http:\/\/bethesdakirche-leipzig.de\/wordpress1\/abendmahl\/\">Abendmahl<\/a> feiern wir alle sechs bis acht Wochen.<\/h5>\n","protected":false},"excerpt":{"rendered":"<p>Herzliche Einladung zum Gottesdienst sonntags 10:00 Uhr Der Gottesdienst ist Zentrum unseres Gemeindelebens. Hier begegnen sich alle Generationen, um Gottes Gegenwart zu feiern. Diese Zeit ist gepr\u00e4gt vom H\u00f6ren und sich ansprechen lassen vom biblischen Wort durch Zuspruch, Trost oder Anst\u00f6\u00dfen zum Weiterdenken und Handeln im Alltag und vom Erleben, dass Zusammensein in christlicher Gemeinschaft [&hellip;]<\/p>\n","protected":false},"author":2,"featured_media":0,"parent":0,"menu_order":0,"comment_status":"closed","ping_status":"closed","template":"","meta":{"_genesis_hide_title":false,"_genesis_hide_breadcrumbs":false,"_genesis_hide_singular_image":false,"_genesis_hide_footer_widgets":false,"_genesis_custom_body_class":"","_genesis_custom_post_class":"","_genesis_layout":""},"_links":{"self":[{"href":"https:\/\/bethesdakirche-leipzig.de\/wordpress1\/wp-json\/wp\/v2\/pages\/148"}],"collection":[{"href":"https:\/\/bethesdakirche-leipzig.de\/wordpress1\/wp-json\/wp\/v2\/pages"}],"about":[{"href":"https:\/\/bethesdakirche-leipzig.de\/wordpress1\/wp-json\/wp\/v2\/types\/page"}],"author":[{"embeddable":true,"href":"https:\/\/bethesdakirche-leipzig.de\/wordpress1\/wp-json\/wp\/v2\/users\/2"}],"replies":[{"embeddable":true,"href":"https:\/\/bethesdakirche-leipzig.de\/wordpress1\/wp-json\/wp\/v2\/comments?post=148"}],"version-history":[{"count":52,"href":"https:\/\/bethesdakirche-leipzig.de\/wordpress1\/wp-json\/wp\/v2\/pages\/148\/revisions"}],"predecessor-version":[{"id":3496,"href":"https:\/\/bethesdakirche-leipzig.de\/wordpress1\/wp-json\/wp\/v2\/pages\/148\/revisions\/3496"}],"wp:attachment":[{"href":"https:\/\/bethesdakirche-leipzig.de\/wordpress1\/wp-json\/wp\/v2\/media?parent=148"}],"curies":[{"name":"wp","href":"https:\/\/api.w.org\/{rel}","templated":true}]}}